2, 71
What are the prime factors of 1064?
2, 7, 19
List the prime factors of 289.
17
List the prime factors of 222.
2, 3, 37
List the prime factors of 1557.
3, 173
List the prime factors of 19488.
2, 3, 7, 29
What are the prime factors of 33181?
33181
List the prime factors of 138614.
2, 7, 9901
List the prime factors of 642.
2, 3, 107
What are the prime factors of 2749?
2749
List the prime factors of 639.
3, 71
List the prime factors of 2923.
37, 79
What are the prime factors of 52906?
2, 7, 3779
List the prime factors of 15780.
2, 3, 5, 263
What are the prime factors of 3953?
59, 67
List the prime factors of 7030.
2, 5, 19, 37
List the prime factors of 5268.
2, 3, 439
What are the prime factors of 4330?
2, 5, 433
List the prime factors of 9050.
2, 5, 181
List the prime factors of 1549.
1549
What are the prime factors of 3989?
3989
What are the prime factors of 13783?
7, 11, 179
What are the prime factors of 3250?
2, 5, 13
List the prime factors of 703.
19, 37
List the prime factors of 14937.
3, 13, 383
List the prime factors of 2124.
2, 3, 59
List the prime factors of 190.
2, 5, 19
List the prime factors of 100268.
2, 7, 3581
List the prime factors of 6683.
41, 163
List the prime factors of 434.
2, 7, 31
List the prime factors of 12758.
2, 6379
What are the prime factors of 1647?
3, 61
What are the prime factors of 545?
5, 109
List the prime factors of 29705.
5, 13, 457
List the prime factors of 3416.
2, 7, 61
What are the prime factors of 1174?
2, 587
What are the prime factors of 989?
23, 43
What are the prime factors of 926?
2, 463
List the prime factors of 2263.
31, 73
What are the prime factors of 4872?
2, 3, 7, 29
What are the prime factors of 50825?
5, 19, 107
What are the prime factors of 34?
2, 17
What are the prime factors of 28622?
2, 11, 1301
What are the prime factors of 8819?
8819
List the prime factors of 16375.
5, 131
What are the prime factors of 5069?
37, 137
What are the prime factors of 2818?
2, 1409
List the prime factors of 656.
2, 41
List the prime factors of 1162.
2, 7, 83
What are the prime factors of 495?
3, 5, 11
What are the prime factors of 1702?
2, 23, 37
What are the prime factors of 74195?
5, 11, 19, 71
What are the prime factors of 1250?
2, 5
What are the prime factors of 339?
3, 113
What are the prime factors of 3111?
3, 17, 61
List the prime factors of 16484.
2, 13, 317
What are the prime factors of 12034?
2, 11, 547
What are the prime factors of 35943?
3, 11981
List the prime factors of 6673.
6673
List the prime factors of 3754.
2, 1877
What are the prime factors of 1848?
2, 3, 7, 11
What are the prime factors of 2527?
7, 19
What are the prime factors of 2983?
19, 157
What are the prime factors of 1783?
1783
List the prime factors of 29821.
11, 2711
List the prime factors of 14936.
2, 1867
List the prime factors of 226.
2, 113
List the prime factors of 13924.
2, 59
What are the prime factors of 758?
2, 379
List the prime factors of 897.
3, 13, 23
List the prime factors of 979.
11, 89
List the prime factors of 1700.
2, 5, 17
List the prime factors of 4321.
29, 149
What are the prime factors of 73326?
2, 3, 11, 101
List the prime factors of 1054.
2, 17, 31
What are the prime factors of 43957?
113, 389
What are the prime factors of 607?
607
What are the prime factors of 171?
3, 19
What are the prime factors of 3729?
3, 11, 113
List the prime factors of 213.
3, 71
List the prime factors of 3815.
5, 7, 109
What are the prime factors of 8109?
3, 17, 53
List the prime factors of 921.
3, 307
List the prime factors of 761.
761
List the prime factors of 1505.
5, 7, 43
What are the prime factors of 1779?
3, 593
List the prime factors of 7193.
7193
List the prime factors of 2736.
2, 3, 19
List the prime factors of 69434.
2, 149, 233
What are the prime factors of 1561?
7, 223
What are the prime factors of 11187?
3, 11, 113
List the prime factors of 940.
2, 5, 47
What are the prime factors of 7081?
73, 97
List the prime factors of 22880.
2, 5, 11, 13
What are the prime factors of 1720?
2, 5, 43
List the prime factors of 120670.
2, 5, 11, 1097
List the prime factors of 1537.
29, 53
List the prime factors of 3822.
2, 3, 7, 13
List the prime factors of 9385.
5, 1877
What are the prime factors of 3207?
3, 1069
List the prime factors of 2682.
2, 3, 149
List the prime factors of 4498.
2, 13, 173
What are the prime factors of 1152?
2, 3
List the prime factors of 118958.
2, 7, 29, 293
List the prime factors of 102.
2, 3, 17
List the prime factors of 438.
2, 3, 73
What are the prime factors of 5282?
2, 19, 139
What are the prime factors of 2941?
17, 173
List the prime factors of 1740.
2, 3, 5, 29
What are the prime factors of 684?
2, 3, 19
What are the prime factors of 6168?
2, 3, 257
What are the prime factors of 1760?
2, 5, 11
What are the prime factors of 2133?
3, 79
List the prime factors of 25079.
31, 809
List the prime factors of 14004.
2, 3, 389
List the prime factors of 2987.
29, 103
List the prime factors of 8197.
7, 1171
List the prime factors of 38183.
38183
List the prime factors of 5606.
2, 2803
What are the prime factors of 45950?
2, 5, 919
List the prime factors of 11046.
2, 3, 7, 263
What are the prime factors of 141513?
3, 43, 1097
What are the prime factors of 1531?
1531
List the prime factors of 1278.
2, 3, 71
What are the prime factors of 149727?
3, 29, 1721
What are the prime factors of 114567?
3, 38189
What are the prime factors of 23318?
2, 89, 131
What are the prime factors of 621?
3, 23
What are the prime factors of 12021?
3, 4007
What are the prime factors of 9446?
2, 4723
What are the prime factors of 867?
3, 17
What are the prime factors of 13662?
2, 3, 11, 23
List the prime factors of 632.
2, 79
List the prime factors of 40844.
2, 10211
List the prime factors of 728.
2, 7, 13
List the prime factors of 132.
2, 3, 11
What are the prime factors of 11400?
2, 3, 5, 19
List the prime factors of 98.
2, 7
What are the prime factors of 581?
7, 83
What are the prime factors of 393?
3, 131
List the prime factors of 45887.
45887
What are the prime factors of 226?
2, 113
List the prime factors of 1168.
2, 73
What are the prime factors of 1466?
2, 733
What are the prime factors of 30199?
13, 23, 101
List the prime factors of 101877.
3, 29, 1171
What are the prime factors of 127819?
127819
List the prime factors of 55996.
2, 13999
What are the prime factors of 3707?
11, 337
List the prime factors of 29912.
2, 3739
What are the prime factors of 154442?
2, 31, 47, 53
What are the prime factors of 76478?
2, 38239
What are the prime factors of 415?
5, 83
List the prime factors of 4185.
3, 5, 31
What are the prime factors of 25626?
2, 3, 4271
List the prime factors of 15826.
2, 41, 193
List the prime factors of 3547.
3547
List the prime factors of 4947.
3, 17, 97
What are the prime factors of 3068?
2, 13, 59
List the prime factors of 763.
7, 109
What are the prime factors of 997?
997
What are the prime factors of 29240?
2, 5, 17, 43
What are the prime factors of 10?
2, 5
What are the prime factors of 14513?
23, 631
List the prime factors of 17493.
3, 7, 17
What are the prime factors of 1972?
2, 17, 29
What are the prime factors of 486?
2, 3
List the prime factors of 13764.
2, 3, 31, 37
What are the prime factors of 4439?
23, 193
What are the prime factors of 1552?
2, 97
What are the prime factors of 2425?
5, 97
What are the prime factors of 1250?
2, 5
List the prime factors of 2713.
2713
List the prime factors of 6053.
6053
What are the prime factors of 36244?
2, 13, 17, 41
List the prime factors of 1100.
2, 5, 11
What are the prime factors of 10693?
17, 37
List the prime factors of 27712.
2, 433
What are the prime factors of 44635?
5, 79, 113
List the prime factors of 10737.
3, 1193
What are the prime factors of 20355?
3, 5, 23, 59
What are the prime factors of 1096?
2, 137
What are the prime factors of 14487?
3, 11, 439
What are the prime factors of 4369?
17, 257
List the prime factors of 76510.
2, 5, 7, 1093
What are the prime factors of 24110?
2, 5, 2411
List the prime factors of 1819.
17, 107
What are the prime factors of 1198?
2, 599
List the prime factors of 4375.
5, 7
What are the prime factors of 8638?
2, 7, 617
List the prime factors of 258.
2, 3, 43
What are the prime factors of 11890?
2, 5, 29, 41
What 